382 - 57, c = 5*n + 25. What is the units digit of d?
5
Suppose 4*b - 5*t = 50097, b + 4*t - 501 = 12060. What is the thousands digit of b?
2
Let a(w) = -4*w**3 + 2*w**2 + 4*w + 1. Let u be a(3). Let s = u - -89. Suppose 0 = -5*h + p + 763, 15*h + 4*p = s*h + 467. What is the units digit of h?
3
What is the units digit of (22503/(-12) + (-45)/60*-4)*-4?
9
Suppose d - 1 + 27 = 2*g, 4*d = 2*g - 26. Suppose -2*u + 14 + 0 = 4*v, -2*v + g = -5*u. Let j(a) = 9*a**2 + 8*a + 3. What is the hundreds digit of j(v)?
1
Let y = 120 + -118. Suppose 148 = y*u - 424. What is the hundreds digit of u?
2
Let r(q) be the first derivative of q**4/4 - 7*q**3/3 + 7*q**2/2 + 3*q + 5. Let b be r(5). What is the tens digit of 5/((b/(-104))/(3/2))?
6
Let r(z) = 8*z**3 - 41*z**2 + 28*z + 129. What is the units digit of r(17)?
0
Suppose -5*r - 4*r = -855. Let q = r + 114. What is the tens digit of q?
0
Suppose 5*q + 14440 = -2*n + 5*n, 4*n = -4*q + 19200. Suppose d - 6*d = -n. What is the hundreds digit of d?
9
Let a(i) = -105*i - 5. Let c(w) = w**2 - 7*w + 4. Suppose -2*n = -31 + 19. Let f be c(n). What is the units digit of a(f)?
5
Let i = -35 + 42. Suppose 0 = i*w + 61 - 243. Let z = 194 - w. What is the tens digit of z?
6
Let i = 1090 - -977. What is the tens digit of i?
6
Let c be (-1 + -20)*(-1)/3. Let m be (c/(21/2))/((-2)/(-15)). Suppose m*n - 6 = s - 14, -5*s - 4*n + 98 = 0. What is the tens digit of s?
1
Let t(r) = -r**3 + 2*r + 665. Let n(h) = 2*h**2 - h - 10. Let v be n(-2). What is the tens digit of t(v)?
6
Suppose -156*q = -122*q - 532780. What is the tens digit of q?
7
Suppose -28*f = -540441 + 27562 - 6045. What is the hundreds digit of f?
5
Suppose -135*a + 138*a + 4*x - 95312 = 0, -4*x = a - 31752. What is the hundreds digit of a?
7
Let s be 6/(-84)*-7*(4 - 0). Suppose -s*u = -84 - 1278. Suppose -22*v + u = -19*v. What is the units digit of v?
7
Suppose -275 + 1979 = 6*z. Let c = 837 - z. What is the hundreds digit of c?
5
Suppose -4*m - 3*m + 1 = -4*z, 5*z + m = 28. Let a be 26/10 + (-4)/(-10). Suppose 3 = -3*c - a*s, -z = -c - s + 2*s. What is the units digit of c?
2
Let v(p) = p**3 - p**2 - 40*p + 25. Let y be (-342)/(-38) - (0 - -1)/(-1). What is the hundreds digit of v(y)?
5
Suppose -145 = -15*v + 2525. Suppose v + 4 = -2*j. Let r = j + 259. What is the units digit of r?
8
Let s(o) be the first derivative of o**3/3 - 8*o - 9. Let r be s(-4). What is the tens digit of 292/r + (-3)/6?
3
Suppose 3*z - 2388 = -4*m + 350, -2*m - 3*z + 1366 = 0. Suppose 0 = -0*n - 3*n + 21. Suppose 763 = n*v - m. What is the units digit of v?
7
Suppose -2881 + 48210 = 5*n - 3*f, n - 9055 = -3*f. What is the hundreds digit of n?
0
Suppose -18*f = -41*f + 22126. What is the hundreds digit of f?
9
Let d = 12247 - 5250. What is the hundreds digit of d?
9
Let z(v) = -6 - 9*v - v + v**2 - v + v**3. Let c be z(-4). What is the tens digit of (c/4)/((-3)/30)?
2
Suppose 30*l - 16447 = 326543. What is the hundreds digit of l?
4
Let q = 233 + -144. Let p = -87 + q. Suppose -p*i = -2*o - 2, 2*o = 5*i + 5 - 19. What is the units digit of o?
3
Let v = 39 + -36. Suppose 3*p - 319 = -2*y, v*p - 219 = -4*y + 110. What is the units digit of p?
3
Let u = -11 - -11. Let n be u + -2 + 3 + 2. Suppose 121 = n*c - 29. What is the tens digit of c?
5
Suppose -14*l + 20*l + 138 = 0. Let s(m) = -3*m**3 - 70*m**2 - 31*m - 16. What is the units digit of s(l)?
8
Let p = 5183 + -5178. Let l(t) = -t**2 - 8*t - 7. Let i be l(-7). Suppose -3*q + 2*m + 125 = 0, p*q + 4*m - 6*m - 207 = i. What is the tens digit of q?
4
Let g(z) = -z**3 - 31*z**2 - 25*z + 8. Let c(o) = -o**3 - 30*o**2 - 23*o + 9. Let i(t) = -7*c(t) + 6*g(t). What is the hundreds digit of i(-22)?
7
Suppose -3*g = 12, -3*t = -6*t - 5*g - 20. Let i = 766 - 763. Suppose t = i*w - 78 - 21. What is the units digit of w?
3
Let q(i) = -95*i + 3846. What is the tens digit of q(11)?
0
Let t = -16829 - -28298. What is the tens digit of t?
6
Let h(r) = -r**2 + 15*r - 26. Let y be h(10). Let p be ((-12)/10)/(-2 + y/15). Suppose 3*l = 8*l + 2*x - 391, -2*l + 164 = -p*x. What is the tens digit of l?
7
Suppose 3*z - 1161 = 5*z - 5*w, 582 = -z + 3*w. Let f = 1187 + z. What is the hundreds digit of f?
6
Let f = -201 - -286. Suppose f - 93 = 4*h. What is the tens digit of 3*3/(-9)*h + 52?
5
Suppose 5*y = -7 - 8. Let k(w) = w**3 - 10*w**2 - 20*w - 47. Let b be k(12). What is the tens digit of 2 + y - (-22)/b?
2
Suppose 104266 = 84*q - 47*q. Suppose 37*s - q = 35*s. What is the tens digit of s?
0
Let p = -27492 + 34158. What is the hundreds digit of p?
6
Suppose -6*a + 95 = -a - 5*v, -5*v - 50 = -2*a. Suppose 0 = -4*d + a + 1. Suppose 2*p - 158 = -0*p - d*i, 0 = p + 5*i - 70. What is the tens digit of p?
8
Suppose 3*o + 5*k + 16358 = 53970, 62664 = 5*o - 3*k. What is the ten thousands digit of o?
1
Let t(c) = -55*c - 361. Let m(d) = 27*d + 182. Let o(j) = 7*m(j) + 3*t(j). What is the units digit of o(10)?
1
Suppose 1466 = 15*i + 431. Let w = -78 - -167. Let a = w - i. What is the tens digit of a?
2
Let y(m) = -m**2 + 36*m - 61. Let l = 215 - 200. What is the tens digit of y(l)?
5
Suppose 2*m = -3*n + 6*m + 7, -4 = 4*m. Suppose -n = -c - 3, j + 14 = -2*c. What is the units digit of ((-2)/6)/(j/810)?
7
Suppose -3998 = -2*s + 2*h, -437 = -2*s - 5*h + 3526. Suppose 5*a - 2541 = -w + 2453, -2*a - 4*w = -s. What is the tens digit of a?
9
Let j(b) be the third derivative of 7*b**5/20 - 83*b**4/24 - 2*b**2 - 39*b. What is the units digit of j(9)?
4
Let y = 7221 - 5120. Let g = y + -687. What is the units digit of g?
4
Let x(k) = -77*k - 224. Let u(n) = 83*n + 225. Let b(q) = 4*u(q) + 5*x(q). What is the thousands digit of b(-27)?
1
Let n(a) = a**2 - 12*a + 22. Let i be n(11). What is the units digit of i + -6 + -4 - (-2 + -460)?
3
What is the tens digit of (12/(-10))/(21/(-196945))?
5
Let p be 16/(-6)*36729/(-132). Suppose 0 = -4*z + 3*j + 537 + p, 4*z + 5*j - 1239 = 0. What is the tens digit of z?
1
Suppose -5*u - 2*c + 24 = 0, c - 29 + 7 = -5*u. Suppose u*d = h - 502, -1389 - 567 = -4*h + 3*d. What is the tens digit of h?
8
Let w = -17 - -10. Let b(n) be the first derivative of -9*n**2/2 + 18*n - 11. What is the units digit of b(w)?
1
Let n(i) = -i**2 + 12*i + 5. Let y be n(7). Suppose -y = -5*v + 4*z, v + 2*v + 3 = -3*z. Suppose o - 65 = -v*o. What is the tens digit of o?
1
Let p(s) = 19 + 13*s - 211*s**2 + 106*s**2 + 110*s**2. What is the tens digit of p(-10)?
8
Suppose -67*i - 67*i + 157*i - 983296 = 0. What is the tens digit of i?
5
Let v = -4788 - -4815. What is the tens digit of v?
2
Let g(q) = 40*q**2 + q - 10. Let t be -3 + 2 + 4 - (-35 - -34). What is the units digit of g(t)?
4
Suppose 14467 = -11*a + 16*a + 2*x, -3*a + 2*x = -8693. What is the thousands digit of a?
2
Let d be 9/((20/(-28))/(-5)). Let z = d + -58. Suppose -4*j - 4*y + 128 = 0, 2*j - 29 = -0*y + z*y. What is the units digit of j?
7
Suppose 3*m - o = 539, 16 = 4*o - 0*o. Let y = m - 172. What is the units digit of y?
9
Let b be ((-476)/21)/((-3)/(-9)). Let c = 765 + b. What is the units digit of c?
7
Let h(i) = 20113*i**3 + 54*i - 53. What is the hundreds digit of h(1)?
1
Let n be 2*(17/4 - 3/12). Let b be 3 - (-4387)/(-4) - 2/n. What is the units digit of 22/(-77) - b/7?
6
Let s be -4 - (-5 + 4) - 16. Let f(a) = -a**3 - 14*a**2 + 66*a + 20. What is the units digit of f(s)?
1
Let f(k) = -200*k**3 - 2*k**2 - 88*k - 271. What is the hundreds digit of f(-3)?
3
Let w(c) = -29*c - 4. Let n be w(-1). Suppose -1970 = -5*x - 4*j, n = -3*j - 2*j. What is the tens digit of x?
9
Let p = 9115 - 5263. What is the units digit of p?
2
Let k(d) = -4*d**2 + 235*d - 163. What is the tens digit of k(54)?
6
Let y(l) = 44*l**2 + 27*l + 87. Let c be y(-4). Suppose -c - 3943 = -9*b. What is the hundreds digit of b?
5
Let y be (-9)/((-27)/2) - 200/(-6). Let u = -34 + y. Suppose u = -3*r - 17 + 263. What is the units digit of r?
2
Let t = -1117 - -2564. What is the units digit of t?
7
Suppose -20*d = -24*d, 0 = 5*a + 2*d - 103050. What is the units digit of a?
0
Suppose -188 = 5*x - 2*y - 2*y, 0 = 2*y - 4. Let j = 35 + x. What is the units digit of (j + 2)/(1/2)?
2
Let o = 238 + 6297. What is the hundreds digit of o?
5
Suppose d + 82 = 4*b, 4*b + d + 40 = 6*b. Suppose -b*n + 2766 = 246. What is the hundreds digit of